). Let i(a) = a**2 - 10*a + 22. Let p be i(12). Calculate the greatest common factor of p and b.
23
Let m be (9/(-6))/(6*(-5)/100). Calculate the highest common factor of 45 and m.
5
Suppose -2*v = -6*v + 52. Suppose 3*z = 2*z + v. What is the greatest common divisor of 104 and z?
13
Let o(s) = 2*s**3 - 17*s**2 + 8*s + 6. Let l be o(8). What is the highest common factor of 9 and l?
3
Suppose -85*u + 83*u + 26 = 0. Let a be (-783)/(-12) + (-2)/8. Calculate the highest common divisor of u and a.
13
Let w(l) = -l**2 - 3*l + 3 + 2*l**2 + 4*l. Let j be w(-9). Calculate the greatest common divisor of j and 15.
15
Let p be -1 - (28/(-2) + 0). Let y be (-2)/(-6)*6/1. Suppose 0 = 3*c + y*x - 437, -c - 3*x = -0*c - 155. Calculate the greatest common factor of p and c.
13
Suppose -5*w = -4*w. Suppose i - 3 - 3 = w. Suppose -3 = -3*o + i, 5*v = 2*o + 474. What is the highest common factor of v and 12?
12
Let d be (-496)/(-28) + 4/14. Calculate the highest common factor of d and 12.
6
Let o = 11 + -7. Let t be (-5 - -1)*(-6)/12. Suppose 0 = 3*i + t*i - 20. Calculate the greatest common divisor of i and o.
4
Suppose 22 = -y - 5*w, -4*y = -7*w + 3*w - 32. Suppose 0*o - 110 = -5*o. Suppose -4 + o = 3*g. Calculate the greatest common factor of g and y.
3
Let g(j) = -j**3 + 7*j**2 - 5*j + 2. Let p be g(6). What is the highest common factor of p and 88?
8
Let b be (3 - 1)/((-4)/6). Let t be 2527/28 - b/4. Calculate the highest common divisor of 13 and t.
13
Let g = 68 - 36. Calculate the highest common divisor of g and 64.
32
Let j(o) = o**3 + 4*o**2 + 3*o + 4. Let w be j(-3). Let t be (-55)/(-20)*4*3. Let l = t + -23. Calculate the highest common divisor of l and w.
2
Let k(f) = 15*f**3 + f**2. Let j be k(1). Suppose 0 = -0*h + 4*h - j. What is the highest common divisor of 32 and h?
4
Suppose -3*h = -2*r - 122, 0*h + 5*h - 5*r - 210 = 0. Suppose -h - 1 = -3*n. What is the greatest common factor of n and 65?
13
Suppose 0*z + 5*z = 10. Suppose 7 = a + z. Suppose -d + 2*r - 76 = -2*d, 347 = a*d - r. Calculate the greatest common divisor of d and 14.
14
Suppose -2*i + 3*a - 144 = -3*i, -5*i + 720 = 3*a. What is the highest common divisor of i and 18?
18
Suppose 4*h - 4*n - 452 = 0, 115 = 5*h - 4*h - 3*n. Suppose -5*s + 12 = h. Let v = s - -52. What is the highest common divisor of v and 8?
8
Let f be (-29*1)/(3/(-3)). Suppose -4*h = -f + 9. Suppose -4*n + 21 = -5*r, 2*n + h*r + 0 = 3. What is the highest common factor of n and 28?
4
Suppose 3*m = -2*y + 75, 2*m - 5*y + 107 = 6*m. Calculate the highest common divisor of 184 and m.
23
Let g = 19 - -54. Suppose 0 = 2*v + 4, -g = -3*r + 5*v. What is the highest common factor of r and 3?
3
Let a(n) = -12*n + 5. Let o be a(-5). Let w = -12 + 11. Let s = w + 14. What is the highest common divisor of s and o?
13
Suppose -4*c + 31 = -3*c. What is the greatest common divisor of c and 124?
31
Let z = 33 - 9. What is the highest common factor of z and 216?
24
Let w(k) = 5*k - 4*k**2 - 2 + k**3 + 2 - 4. Let x be w(3). Suppose 4*s = 4*z - 33 + 1, -4*s - 8 = 0. Calculate the highest common factor of z and x.
2
Let x be (24/(-4) - -2) + 5. Suppose x + 1 = 2*a. Calculate the highest common factor of 2 and a.
1
Let a = -14 + 34. Calculate the greatest common divisor of 40 and a.
20
Let y be 4/((-7)/4 + 2). Let o = -243 - -251. What is the greatest common factor of y and o?
8
Let a be (-4 - -678) + -1 + 4. Suppose 117 = -4*q + a. Let f be q/18 + 10/45. Calculate the greatest common factor of f and 2.
2
Suppose s = -s + 52. Suppose 0*u - 2*u = -s. What is the highest common factor of u and 91?
13
Let p be (-8)/14 + (-240)/(-28). What is the highest common factor of p and 72?
8
Let b be ((-5)/(-4))/((-1)/40). Let n be 3/(-6) + b/(-4). Calculate the highest common factor of 108 and n.
12
Let x = 11 + -6. Suppose 16 = -4*a + x*y + 4, -5*a + 3*y - 2 = 0. What is the highest common divisor of a and 1?
1
Suppose 2*v = -v + 336. Suppose -v = -4*x - 0*x. What is the greatest common divisor of 70 and x?
14
Let i = 231 + -136. Calculate the greatest common factor of 5 and i.
5
Suppose 2*c + p - 581 = 0, 516 = 3*c + p - 353. What is the highest common divisor of c and 36?
36
Suppose -h + 6*h = 20. Suppose -h*l = -l - 18. Calculate the greatest common divisor of 2 and l.
2
Let w(z) = -z**2 + 5*z - 6. Let u be w(5). Let d be 1/(-3) + (-632)/u. Calculate the greatest common factor of 42 and d.
21
Let m be -1 + (0 - -8) - 0. Suppose -4*o = -5 - m. Calculate the greatest common factor of 2 and o.
1
Suppose 0 = -3*w - 2*l + 40, 2*w - 5*l + 23 = 4*w. Calculate the highest common divisor of 112 and w.
14
Let w = 22 + -17. Calculate the highest common factor of 20 and w.
5
Let h(v) = -v**3 - 7*v**2 - 9*v - 1. Let a be h(-6). What is the highest common divisor of a and 51?
17
Let y(r) = r - 7. Let q be y(7). Suppose -5*g - 32 + 102 = q. What is the greatest common divisor of 14 and g?
14
Let u(o) = o**3 + 6*o**2 + 3*o - 5. Let p be u(-5). Suppose -3*f - 2 = -2*w + 42, 2*w + p*f = 12. Let l = 4 - 2. Calculate the highest common factor of w and l.
2
Suppose -2*s + 2 + 10 = 0. Suppose 0 = s*y - 5*y - 54. What is the highest common divisor of y and 27?
27
Let a(z) = z**3 + 9*z**2 - 3*z - 9. Let b be a(-9). What is the highest common factor of 72 and b?
18
Let m be (-3)/((-1)/(-1)) - -33. What is the highest common factor of m and 6?
6
Suppose 0*j - 168 = 3*j. Let i be (-15)/(-10)*j/(-6). Suppose z - i = -l, 0 = l - 4*l. What is the greatest common factor of 154 and z?
14
Let n(q) = -2*q**2 - 18*q - 4. Let m be n(-8). What is the highest common factor of 6 and m?
6
Suppose -2*s + 324 = 2*r - 5*r, -5*r - 484 = -3*s. What is the highest common divisor of s and 24?
24
Let s be -2 - (-1 - 42) - 6. Let q(w) = w + 7. Let a be q(0). What is the highest common divisor of a and s?
7
Suppose 11 = -8*k + 91. Calculate the greatest common factor of k and 4.
2
Let g = 12 - 5. Suppose 2*v - g = 23. What is the highest common factor of v and 10?
5
Suppose 3*p - p - 54 = 0. What is the greatest common factor of p and 18?
9
Let q = -51 - -75. Suppose 3*o + 9*o = 1152. What is the greatest common divisor of o and q?
24
Let b(t) = -t + 10. Let q be b(8). Suppose 4*m + 24 = -0*s + s, q*s + 4*m - 24 = 0. What is the highest common factor of s and 64?
16
Let u be (-334)/(-8) + -3*(-1)/12. What is the greatest common divisor of 210 and u?
42
Let r be 9/(-2)*(-80 - -58). Let s = 68 + -2. Calculate the highest common divisor of s and r.
33
Suppose -2*z - 2*j + 5*j = -1789, -3618 = -4*z - 2*j. Let s be z/10 + (-3)/15. Calculate the highest common divisor of s and 10.
10
Let s(t) = 3*t**3 - 10*t**2 + 2*t + 2. Let f be s(4). What is the highest common divisor of 14 and f?
14
Let g(i) = 11*i - 8. Let z be g(9). What is the greatest common divisor of z and 13?
13
Suppose -z - 4 + 1 = -2*m, -3*m = -z - 5. What is the highest common factor of 7 and m?
1
Let x = 0 + -4. Let y be x/(-3)*45/2. Let a = -25 + 45. Calculate the highest common factor of y and a.
10
Let b(m) = -m**2 - 14*m - 16. Let n be b(-12). What is the greatest common factor of 4 and n?
4
Let q(u) = u**3 - 16*u**2 + 3. Let r be q(16). What is the greatest common divisor of 33 and r?
3
Let t(o) = 16*o - 4. Let a be t(4). Calculate the greatest common divisor of a and 15.
15
Let v = 6 - 9. Let f be 3 - ((-21)/v)/(-1). Calculate the greatest common factor of f and 10.
10
Suppose 2*g = -3*g + 20. Suppose 3*w - 35 = 61. What is the greatest common divisor of w and g?
4
Let m(t) = 5*t**2. Let w be m(1). What is the highest common divisor of w and 35?
5
Let t = -226 - -325. What is the highest common factor of 11 and t?
11
Let y = -178 + 181. Calculate the greatest common divisor of 4 and y.
1
Let u(z) be the second derivative of -8*z**3/3 - 2*z**2 + z. Let p be u(-4). Let k = 123 - p. What is the highest common divisor of 7 and k?
7
Let b(k) = 2*k**2 + 2*k - 2. Let z be b(-2). Let l be z + 0/(-1) + -1. Let v be -2 - (3 - (5 + l)). What is the highest common factor of v and 2?
1
Let u(c) = -2*c**3 - 9*c**2 - 13*c + 3. Let m be u(-6). Let w be ((-21)/9)/((-2)/18). Calculate the greatest common divisor of w and m.
21
Let i(k) = -k**3 + 7*k**2 + 9*k - 3. Let v be i(8). Suppose -v*d + 21 = -84. Calculate the greatest common divisor 